
46
Evaluate 106 + 42 + (-143 - -43).
48
What is (7 + -9 - 4) + 0 - (-12 + -9 + 66)?
-51
Calculate (-2 - (-4 + 33)) + 2924 + -2958.
-65
Calculate -16 + 38 + -34 + 22 + -17 - -83.
76
What is the value of 14 - (-49 + 131 - 72)?
4
What is -7 + (21 + -32 - -10) + (0 - -1) + 5?
-2
Evaluate (262 - 233) + 0 + -13 + -7 + 2 + -73.
-62
What is the value of 27 + -22 - (23 - (-8 + 24))?
-2
What is the value of (59 - 13) + 13 + -15 + -22?
22
What is (-12 - (36 - -55) - -16) + 22?
-65
What is the value of 49 + 4 - (29 + -6) - -8?
38
What is (15 - (2 + 13)) + 24 - -24?
48
Calculate 67 - (23 - (109 - 164)).
-11
What is the value of 122 - 107 - (-7 + 43 + -4)?
-17
Evaluate -35 + (-22 - -16 - 12) - (8 - 1).
-60
Evaluate -10 + (8 - 8 - -7) + 25 + 2.
24
Evaluate 16 + (3 - (7 + (-2 - -8) - 3)).
9
What is -423 + 134 + 292 - (2 + 0 + -6 + 2)?
5
Calculate 50 + -39 - (-3 - -33).
-19
Calculate 16 - (-6 + (12 - (6 + 13)) + 9 + 5).
15
What is the value of 49 + -42 + 1 + -67?
-59
-18 + -14 + 62 - -4
34
What is -45 + 47 + -5 - 13?
-16
((-17 - -1) + 11 - (6 - 13 - -15)) + 83
70
1 - 11 - (25 + 0 + 3 + 41 + -22)
-57
What is 22 - (33 + -13 + 27) - -95?
70
Evaluate 46 - (-5 + -31 + 61) - (-3 + -5).
29
Evaluate (-60 - 122) + 203 + (46 - (0 - -3)).
64
Evaluate -77 + 35 - (-3 + 4 - (4 - -9)).
-30
-21 - 43 - (-8 - (1 - 0))
-55
What is 64 - (21 - (37 - 19) - -16)?
45
What is the value of 1822 + -1814 + (1 - (1 + 3) - -54)?
59
What is the value of 32 + (5 - (19 - -6)) + (-2 - (3 + 55))?
-48
What is the value of -57 - (18 + 13 - 18) - -11?
-59
Evaluate -18 + 3 + -39 + -8 + 58.
-4
What is (23 + (2 - 3) + (38 - 49) - 56) + -6?
-51
Evaluate -1 + -8 + -38 + (29 - 16 - -7).
-27
Calculate -86 - ((25 - 3) + -12 + 1 + -17 + 5).
-85
Calculate -27 + (31 - 10) + 18 + 15.
27
What is the value of -20 + -16 + (8 - -40) + 7 + -1 + 0?
18
Calculate 16 + -105 + 7 - 1.
-83
-58 + 139 - ((8 - 1) + -8) - -18
100
Calculate 48 + (51 - 13 - 47) + -11.
28
What is the value of 2 + -12 - (5 + -84 + 17)?
52
Evaluate -8 - (2 + -14 + (-4 - -1)).
7
What is -11 - (13 + 1 + -2 - (921 + -881))?
17
What is the value of 223 + -170 + (3 - 85)?
-29
What is (-56 - -94) + -42 + (4 - (-3 + 20))?
-17
Evaluate 1 - (5 + 4 + 1 + -6 + 8).
-11
(2 - -5) + (5 - 31 - 8)
-27
231 - 30 - 227 - (1 + -52)
25
What is the value of 19 + (4 + (-10 - (-19 + 2)) - -60)?
90
-1 + -9 + (1231 - 1226) - 53
-58
What is (3012 - 2930) + (-41 - 1)?
40
(80 - 104) + 59 + 28 + 3
66
Evaluate (10 - (-42 - 29)) + -111.
-30
What is -11 - (-56 - (-12 + 1 + -6 + 13))?
41
Evaluate 2 + (30 + -30 + -1 - 6).
-5
Evaluate 152 + 168 + -10 + -279.
31
What is 1 + (63 - (5 + (4 - (-2 + 15) - -9)))?
59
What is the value of -11 + (1 - 0) - ((-53 - (-64 + 42)) + -15)?
36
What is the value of 5 + 5 - ((5 - 4) + -91) - (12 - 23)?
111
What is (1 - -5) + (22 - -26) + -31 + 27 + 6?
56
-14 - (-20 + (-19 + 29 - -10) - 106)
92
What is 68 + -71 + (7 - (5 - -3 - -34))?
-38
Evaluate 318 + -336 - (3 - (23 - 2)).
0
15 - (8 + 28 - -23) - 13
-57
What is -137 - -144 - ((-24 - -11) + 5)?
15
What is -2 + 16 + (10 - (5 - (-35 + -19)))?
-35
Calculate 3 - (-1 + 1 + 9 - (27 - -28)).
49
Calculate -32 + -18 + 9 + 45 + -116.
-112
(32 - 58) + -48 - -14
-60
Calculate 30 + -2 + (-18 - -36).
46
Calculate (165 + -166 - (-6 + -6 - 5)) + -132.
-116
Calculate -2 + 3 - (22 + 17 + -4 + -20) - 12.
-26
Evaluate 56 + -6 + 4 + (10 - 3 - 1).
60
What is the value of -1 - 10 - (-17 + -61 + 65)?
2
(-4 - -98) + (38 - (108 + -58))
82
9 + (3 + 12 + -4 - 13 - (-3 - -3))
7
(-7 - (0 + 0 - 1)) + (20 - 9)
5
Evaluate 29 + -4 + 1 + (41 - 57).
10
Evaluate -18 + (55 - (8 + -16)).
45
(55 - -1) + 2582 + -2605
33
Evaluate 4 - 17 - (38 + -54 - (-11 + 2)).
-6
1 - -7 - (0 - (41 - 41))
8
Evaluate -14 + 3 + (1 - ((1 - 34) + (-333 - -349))).
7
Calculate 30 - -10 - (-105 + 123).
22
What is the value of -6 - (-40 + -14) - ((-2 - 6) + -12)?
68
Calculate -49 - (-47 + -44 - -18).
24
(76 - 20) + (-44 - 1)
11
Calculate -11 - (-6 + (-5 - 6 - -77 - (-8 - -9))).
-70
What is 7 + -7 + 4 + (28 - -1) + 163 + -154?
42
502 + -495 - (1 - (-67 + (2 - 6)))
-65
What is the value of -30 - (-56 - 10) - 64?
-28
Calculate (-13 - -1) + -19 + (-5 - -102).
66
-26 + 29 + 5 + (-7 - (-4 + 14))
-9
Evaluate -6 + (2 + 28 - (14 + (12 - 29) - -4)).
23
Calculate 51 - (-33 + 42) - 29 - (-4 + 2).
15
Calculate 46 - 6 - (-418 + 488).
-30
Calculate -17 + (18 - 56) + (-21 - -64).
-12
Evaluate (26 - 1 - (-14 + (-3 - -32))) + -9.
1
Calculate (5 - (93 + -37)) + 52 + 1 + 1.
3
What is the value of 27 + -93 - (-53 - -37)?
-50
What is 4 + 67 + 55 + 81 + -171?
36
What is 16 + (42 + -34 + -8 - -87)?
103
Evaluate 19 + 15 + 25 - -10 - 25.
44
(-72 - (-19 + -54)) + 23
24
Evaluate -162 + 97 + 51 + (1 - 1 - -12).
-2
-2 + (-3 - -31) - (-11 + 9 + -9)
37
Evaluate (114 - (-13 - -82)) + -107.
-62
Evaluate 31 + -19 + (-16 - -6 - -8) + -48.
-38
17 + 24 + -34 + (-18 - -25) - 112
-98
Evaluate -1 - 84 - (-4601 - -4490).
26
36 + -8 + 30 + -5 + 9
62
What is (-2265 - -2274 - (98 + 1 - 0)) + 6 - -8?
-76
Calculate 2 + 14 + -24 + 97 + -103.
-14
Calculate 58 + 3 + -16 - 15.
30
-5 - (18 + -32 - (5 + -2 - 1))
11
Evaluate 6 - (18 + -27 - -16 - 3) - 14.
-12
Evaluate -38 + (-36 - -31) + (0 - -8) - 7.
-42
What is the value of 8 + (-9 + 5 - -9 - (6 + 7)) - -133?
133
What is the value of (-60 - -1) + 39 + (-41 - (13 + -22))?
-52
Evaluate 18 + -16 + 66 + -84.
-16
Evaluate 1009 + -1034 - (23 - (-3 + 3)).
-48
What is the value of (-48 + 24 - (0 + -4)) + 16 + -2 + -29?
-35
Evaluate 10 + 45 - 4 - ((-34 - -25) + 14).
46
What is (9 - 1 - ((-8 - 1) + -5)) + 11?
33
-9 + (36 - 24) + 8
11
121 + (119 - 211) + -66
-37
Evaluate -17 + (-5 + 20 - -8).
6
Calculate 5 + -1 + (-41 + 35 - -13 - 31).
-20
Calculate -111 + 46 + -2 + 0.
-67
42 + (39 - 15) - 87
-21
What is the value of (6 - (-138 + 177)) + -20 + -2?
-55
Evaluate (7 - 5) + 35 + 0 + 0.
37
What is (-8 - -8) + 0 + 66 + 3?
69
What is the value of (-19 - -37) + -4 + (23 - 49)?
-12
Evaluate -8 + 45 + -37 + 71.
71
Calculate 0 + 85 - (251 - 157).
-9
Evaluate -37 - 55 - (69 + -269).
108
Evaluate -45 - (-7 - -2 - -4) - (2 + 0).
-46
What is 35 + (-9 - 54) + (-2 - 30)?
-60
-109 + 63 + -135 + 125
-56
What is 2217 + -2254 - (-2 + -79)?
44
5 + 4 - (-95 - -24)
80
Calculate 15 + (-6 + (4 - (9 - (-10 + 12))) - -17).
23
Calculate 3 + (-45 + 50 - (-37 + 12)).
33
32 + 0 + -1 + -26 + 27 + -24 + 20
28
-150 + 77 + (-21 + 24 - (-1 + 7))
-76
What is the value of 44 - (48 - (-54 - -108))?
50
What is the value of (-2 + 1 - 2 - (-56 + 40)) + -102?
-89
Evaluate -48 - (543 - 537 - (-5 + 1)).
-58
Calculate 8 + 4 + 9 + -16 + -41 + 11.
-25
Calculate (0 - (-92 + (-2 - 0) - 0)) + 29936 + -29950.
80
Calculate (-12 - (-25 + 18)) + -12 - 1.
-18
Calculate 0 - (-3 + 3 - (-14 - (6 - -4 - -40))).
-64
Evaluate -4 + 85 + 20 + -2 + -38.
61
(7 - -9 - (50 + -15)) + 57 + -4 + 3
37
(198 + -212 - (-18 - -1)) + 20
23
Calculate 103 - 137 - (0 - 20).
-14
Calculate 2702 + -2787 + 1 + -27.
-111
What is the value of 4 - 7 - ((-17 - 38) + -10 + 1)?
61
What is 9 - (1 - 1) - (30 + -21 + -3) - -31?
34
-104 - (62 - (100 - -28))
-38
Evaluate 27 + -28 + 142 - 97.
44
What is the value of -44 - (5 - (3 + (-27 - -20)))?
-53
Calculate -48 - (16 - 78 - -15).
-1
What is 31 + (-24 - (-34 - -39))?
2
What is the value of 6 + (14 - 5) + (14 - 29) + 4?
4
-56 - (-1 - 0) - (-36 - 7 - (-36 + 1))
-47
What is the value of 16 + (-44 - (16 + -27)) + 69?
52
What is 37 - (0 + (-21 - -110))?
-52
Evaluate 6 - ((45 - 22) + -9) - (2 - 2 - -47).
-55
-10 + 4 - 5 - (19 - (53 - 17))
6
-27 - ((1 - 21) + 5 + (-17 + -2 - -19))
-12
Calculate -6 + -60 + 43 - 40.
-63
Calculate -10 + 7 + -12 + 0 + 22 - 133 - 7.
-133
What is the value of -1 + 10 + -58 + 4 + (26 + -8 - 8)?
-35
Evaluate 20 - (-41 - (-73 - 33)).
-45
What is the value of (80 - 139) + 38 + -20?
-41
What is 13 - (2 - 3 - (-11 + 16))?
19
What is the value of -9 - 54 - -3 - (-13 + (-6 + 21 - 0))?
-62
Evaluate -1 - -19 - (-27 + (-6 - -40)).
11
What is -47 + (13 - (22 + -38))?
-18
What is the value of (310 - 236) + (-32 - -11) + 10?
63
Evaluate 18 + -1 + 1 - ((219 - -96) + -233).
-64
What is (11 - -72 - 31) + -57?
-5
Calculate -9 + 5 + 2 - (-52 + -4) - 15.
39
Evaluate -15 - (28 + (14 - 20) + -15 + 7 + -12).
-17
245 - 347 - (-29 - 5)
-68
What is the value of (-2 - 1) + (19 - 42 - -20) - (36 + 21)?
-63
Evaluate -188 